culate the highest common factor of 1448000 and 9955.
905
What is the greatest common factor of 906348612 and 9672?
4836
Calculate the highest common divisor of 4352383 and 826.
7
What is the greatest common divisor of 10500 and 2242860?
60
Calculate the greatest common divisor of 792 and 6919656.
24
What is the greatest common divisor of 278 and 45381554?
278
Calculate the highest common factor of 6736599 and 151197.
303
Calculate the greatest common factor of 760 and 32738672.
152
What is the greatest common factor of 765 and 87088185?
45
Calculate the highest common factor of 18005325 and 39825.
4425
What is the greatest common divisor of 4489180 and 50180?
3860
Calculate the greatest common factor of 8173441 and 42159.
1081
What is the highest common factor of 3058 and 81627194?
3058
Calculate the greatest common divisor of 3654 and 235306.
58
What is the greatest common divisor of 26958 and 36210?
6
What is the highest common factor of 474968772 and 972?
972
Calculate the highest common factor of 188041199 and 11135.
2227
What is the greatest common divisor of 11583 and 107034642?
3861
What is the highest common divisor of 8 and 15008239?
1
Calculate the greatest common divisor of 49576560 and 1060.
20
Calculate the highest common divisor of 39061646 and 65.
13
Calculate the greatest common factor of 53680 and 1580205.
3355
What is the highest common divisor of 7313640 and 3720?
120
Calculate the greatest common factor of 5670 and 538556445.
2835
What is the greatest common factor of 10755635 and 334?
167
What is the highest common divisor of 45 and 334945485?
45
Calculate the greatest common factor of 27733645 and 670.
335
Calculate the greatest common factor of 413 and 7542383.
59
What is the greatest common factor of 535449 and 20689?
17
Calculate the greatest common factor of 61923 and 123.
3
What is the highest common factor of 1189320 and 1003?
17
What is the greatest common divisor of 51103236 and 513?
57
Calculate the highest common factor of 15039 and 230067.
27
What is the greatest common divisor of 3 and 146889411?
3
Calculate the highest common divisor of 359395391 and 21232.
1327
What is the greatest common factor of 10208 and 395008?
32
Calculate the greatest common factor of 1145164 and 268.
268
Calculate the highest common divisor of 230706867 and 93.
93
What is the greatest common divisor of 3842 and 164754?
226
What is the greatest common divisor of 10221453 and 603?
603
Calculate the greatest common divisor of 167740450 and 150.
50
Calculate the greatest common factor of 193934107 and 29.
29
Calculate the greatest common divisor of 141165 and 4665.
15
Calculate the highest common factor of 93 and 250932135.
93
Calculate the greatest common factor of 28192 and 1306523.
881
Calculate the greatest common divisor of 20049218 and 227430.
5054
Calculate the greatest common divisor of 427 and 17229877.
427
What is the highest common divisor of 128521449 and 11358?
5679
What is the highest common divisor of 2444 and 6845644?
2444
What is the greatest common divisor of 4 and 23282498?
2
Calculate the greatest common divisor of 21410467 and 130.
13
Calculate the highest common divisor of 15957362 and 1022.
146
What is the highest common divisor of 68912 and 32339?
73
What is the highest common factor of 260232 and 1739527?
1549
Calculate the highest common factor of 949098 and 195906.
1902
What is the greatest common factor of 636 and 185183484?
636
Calculate the greatest common divisor of 122322103 and 991.
991
What is the greatest common divisor of 34 and 669020890?
34
What is the greatest common divisor of 75371 and 339?
113
What is the highest common factor of 5649656 and 76?
4
Calculate the greatest common factor of 7932 and 16755028.
2644
Calculate the highest common divisor of 46845 and 2779110.
135
What is the greatest common factor of 6807 and 53750341?
2269
Calculate the highest common divisor of 458139 and 51.
3
Calculate the highest common factor of 7568201 and 2.
1
Calculate the greatest common divisor of 8766210 and 130.
10
What is the highest common factor of 50 and 1382090?
10
Calculate the greatest common factor of 308 and 93798012.
308
Calculate the highest common factor of 690 and 663292998.
138
Calculate the greatest common factor of 798396 and 39324.
12
Calculate the highest common divisor of 39038 and 130214.
262
Calculate the greatest common factor of 1072 and 129503496.
536
What is the highest common factor of 13086536 and 24?
8
What is the greatest common factor of 3876849 and 4258026?
9297
Calculate the greatest common factor of 398156 and 1958.
22
Calculate the highest common factor of 4040 and 1181774740.
2020
What is the highest common divisor of 19895745 and 225?
15
What is the highest common divisor of 70 and 59208310?
70
Calculate the greatest common divisor of 1243 and 10739633.
113
Calculate the highest common divisor of 4552 and 123389926.
1138
What is the highest common divisor of 4737626 and 20252?
122
Calculate the greatest common factor of 90 and 4153020.
30
What is the greatest common factor of 1659 and 98246059?
79
What is the highest common divisor of 24660 and 1916356?
548
What is the greatest common factor of 20193754 and 28?
14
Calculate the highest common divisor of 6098 and 1265478303.
3049
Calculate the highest common divisor of 512 and 409828.
4
Calculate the highest common divisor of 2689837136 and 602.
602
What is the highest common divisor of 20567 and 329543?
157
Calculate the greatest common factor of 122564 and 3172.
52
Calculate the highest common factor of 105256 and 3186.
118
What is the highest common divisor of 82888373 and 733?
733
Calculate the highest common factor of 1667542 and 3178.
454
Calculate the greatest common factor of 39782466 and 8277.
267
What is the greatest common factor of 121574221 and 13645?
2729
Calculate the greatest common divisor of 8841797 and 3156.
263
Calculate the greatest common factor of 2545 and 57946596.
509
Calculate the highest common factor of 69120116 and 364.
52
What is the greatest common divisor of 85445578 and 326?
326
Calculate the greatest common factor of 437716 and 157628.
628
What is the highest common divisor of 240 and 10322790?
30
What is the greatest common divisor of 2005 and 242097334?
401
Calculate the highest common divisor of 483 and 4475499.
21
What is the highest common factor of 1060 and 408725?
5
Calculate the highest common divisor of 33932 and 119261.
499
Calculate the greatest common factor of 3242 and 3571063.
1621
What is the highest common factor of 110 and 54248590?
110
What is the highest common divisor of 3528864 and 1368?
72
Calculate the highest common divisor of 42294 and 151183.
19
What is the greatest common factor of 1302480 and 2077?
67
What is the greatest common divisor of 15979728 and 34?
34
What is the greatest common factor of 1 and 603381?
1
Calculate the greatest common divisor of 1573422631 and 11.
11
What is the highest common factor of 6636825 and 21450?
975
Calculate the greatest common divisor of 10 and 175291010.
10
What is the highest common factor of 10344303 and 171?
171
What is the highest common divisor of 81284 and 14392?
28
Calculate the highest common factor of 1671 and 48646152.
1671
What is the highest common factor of 4511 and 2610005957?
4511
Calculate the greatest common divisor of 8549154 and 11720.
586
What is the highest common factor of 44567427 and 2073?
2073
Calculate the greatest common factor of 18929 and 99118828.
823
What is the greatest common divisor of 3840 and 403440?
240
Calculate the greatest common divisor of 5743149 and 95.
19
What is the highest common factor of 1200686 and 261091?
1663
What is the greatest common divisor of 12107795 and 245?
35
Calculate the highest common factor of 460650 and 267260.
830
Calculate the highest common divisor of 1215 and 14033385.
135
What is the greatest common divisor of 135897608 and 1232?
616
What is the highest common divisor of 125 and 726600?
25
What is the highest common divisor of 380973 and 928?
29
Calculate the highest common divisor of 233123295 and 30345.
4335
Calculate the highest common factor of 2598 and 2208.
6
Calculate the greatest common divisor of 21440 and 61216.
32
What is the highest common 